{"id":6,"date":"2022-08-03T17:33:43","date_gmt":"2022-08-03T17:33:43","guid":{"rendered":"http:\/\/www.ercanertan.com\/?page_id=6"},"modified":"2025-06-26T11:26:17","modified_gmt":"2025-06-26T11:26:17","slug":"hakkinda","status":"publish","type":"page","link":"https:\/\/www.ercanertan.com\/index.php\/hakkinda\/","title":{"rendered":"Ercan Ertan Kimdir?"},"content":{"rendered":"\n<p>              2 \u015eubat K\u0131rklareli do\u011fumlu olmas\u0131na ra\u011fmen memleketi \u00c7anakkale&#8217;nin Yenice il\u00e7esidir. \u0130lkokul y\u0131llar\u0131nda s\u0131ras\u0131yla Bergama Ulubatl\u0131 Hasan \u0130lk\u00f6\u011fretim okulu ve Yenice Ye\u015filyurt \u0130lk\u00f6\u011fretim okullar\u0131nda e\u011fitim g\u00f6rm\u00fc\u015ft\u00fcr. Daha sonra orta \u00f6\u011fretimini \u00c7an \u015eehir Engin Eker, lise e\u011fitimini \u00c7an H. \u0130brahim Bodur Anadolu Lisesinde tamamlam\u0131\u015ft\u0131r. <\/p>\n\n\n\n<p>Ercan Ertan, Yeditepe \u00dcniversitesi G\u00fczel Sanatlar Fak\u00fcltesi Tiyatro b\u00f6l\u00fcm\u00fc mezunudur. Tiyatro b\u00f6l\u00fcm\u00fcn\u00fc birincilikle ve y\u00fcksek onur derecesiyle bitirmi\u015ftir. Hemen ard\u0131ndan Yeditepe \u00dcniversitesi Sosyal Bilimler Enstit\u00fcs\u00fc Sanat ve K\u00fclt\u00fcr Y\u00f6netimi Anabilim dal\u0131nda ba\u015far\u0131 bursuyla *tezli y\u00fcksek lisans \u00e7al\u0131\u015fmalar\u0131n\u0131 tamamlam\u0131\u015ft\u0131r.<br><a href=\"https:\/\/www.ercanertan.com\/wp-content\/uploads\/2025\/06\/Arts-Management-in-Institutional-Theatres-in-Turkey-in-the-Context-of-the-Professionalization-of-Art-Istanbul-Metropolitan-Municipality-City-Theaters.pdf\">*Sanat\u0131n Profesyonelle\u015fmesi Ba\u011flam\u0131nda T\u00fcrkiye&#8217;de Kurum Tiyatrolar\u0131nda Sanat Y\u00f6netimi; \u0130BB \u015eehir Tiyatrolar\u0131&#8221; <\/a><\/p>\n\n\n\n<p>Televizyon dizilerinde; Dirili\u015f Ertu\u011frul&#8217;da Torumtay, Payitaht Abd\u00fclhamit&#8217;te John Kartov, Mavera&#8217;da Ziya, \u00c7ukur&#8217;da Faruk, Arka Sokaklar&#8217;da Ferhat Maz\u0131, Aile&#8217;de Saffet, Vefa Sultan&#8217;da Osman\/Oswald ve  Mehmed: Fetihler Sultan\u0131&#8217;nda Jacome Koko karakterlerine ayn\u0131 zamanda da sinemada; Atilla filminde Valentinianus&#8217;a, Sonsuz A\u015fk&#8217;ta Dr. Kerim&#8217;e ve Sava\u015f\u0131n Efsaneleri&#8217;nde B\u00fcy\u00fck \u0130skender&#8217;e hayat vermi\u015ftir. <\/p>\n\n\n\n<p>2012 y\u0131l\u0131ndan bu yana profesyonel olarak tiyatro sahnelerine \u00e7\u0131kan oyuncu, s\u0131ras\u0131yla \u0130stanbul Tema\u015fa Tiyatrosu, \u0130stanbul Kumpanyas\u0131, Menfi Tiyatro, Cihangir Tatavla Tiyatro, Perdesiz Sahne, Glow Medya, Diyonysos Tiyatro, Oji Tiyatro, Ankara Birlik Tiyatrosu ve DasDas ile \u00e7al\u0131\u015fm\u0131\u015ft\u0131r. Halen daha Dionysos Tiyatro taraf\u0131ndan sahnelenen Fareler ve \u0130nsanlar oyununun 6. Sezonunda Slim karakterine ve DasDas&#8217;da Override oyununda Mark karakterine hayat vermektedir.<\/p>\n\n\n\n<p>Oynad\u0131\u011f\u0131 oyunlardan Oyun Kar\u0131\u015ft\u0131 \/ VI. Ekin Yaz\u0131n Tiyatro \u00d6d\u00fclleri &#8220;Y\u0131l\u0131n Komedisi&#8221; \u00d6d\u00fcl\u00fc, HU \/ IX. Uluslaras\u0131 Yeni Tiyatro Dergisi \u00d6d\u00fclleri Y\u0131l\u0131n &#8220;En \u0130yi Tiyatro Ekibi&#8221; \u00d6d\u00fcl\u00fc ve &nbsp;HU \/ XXII. Direkleraras\u0131 \u00d6d\u00fclleri &#8220;En \u0130yi \u00d6zg\u00fcn Oyun&#8221; \u00d6d\u00fcl\u00fc, Fareler ve \u0130nsanlar &nbsp;\/ VIII. Ekin Yaz\u0131n Tiyatro \u00d6d\u00fclleri Y\u0131l\u0131n &#8220;Sahne Tasar\u0131m\u0131&#8221; \u00d6d\u00fcl\u00fc ve X. Uluslaras\u0131 Yeni Tiyatro Dergisi \u00d6d\u00fclleri Y\u0131l\u0131n &#8220;Tiyatro Ekibi&#8221; \u00d6d\u00fcl\u00fc sahibidir. <br><\/p>\n\n\n\n<p>Ercan Ertan, e\u011fitmen olarak; Sanat Akademi\u2019de oyunculuk, diksiyon, seslendirme ve konservatuvara haz\u0131rl\u0131k dersleri vermektedir.<\/p>\n\n\n\n<p>             Maltepe \u00dcniversitesi Hukuk Fak\u00fcltesi Ticaret Hukuku Anabilim Dal\u0131 Ba\u015fkan\u0131 Hukuk\u00e7u Dr. \u00d6\u011fretim \u00dcyesi Bet\u00fcl Akta\u015f Ertan ile evlidir ve bir \u00e7ocuk babas\u0131d\u0131r. <\/p>\n","protected":false},"excerpt":{"rendered":"<p>2 \u015eubat K\u0131rklareli do\u011fumlu olmas\u0131na ra\u011fmen memleketi \u00c7anakkale&#8217;nin Yenice il\u00e7esidir. \u0130lkokul y\u0131llar\u0131nda s\u0131ras\u0131yla Bergama Ulubatl\u0131 Hasan \u0130lk\u00f6\u011fretim okulu ve Yenice Ye\u015filyurt \u0130lk\u00f6\u011fretim&hellip;<\/p>\n<p> <a class=\"more-link\" href=\"https:\/\/www.ercanertan.com\/index.php\/hakkinda\/\">Daha fazla oku<\/a><\/p>\n","protected":false},"author":1,"featured_media":0,"parent":0,"menu_order":0,"comment_status":"closed","ping_status":"closed","template":"","meta":{"pgc_sgb_lightbox_settings":"","footnotes":""},"class_list":["post-6","page","type-page","status-publish"],"_links":{"self":[{"href":"https:\/\/www.ercanertan.com\/index.php\/wp-json\/wp\/v2\/pages\/6","targetHints":{"allow":["GET"]}}],"collection":[{"href":"https:\/\/www.ercanertan.com\/index.php\/wp-json\/wp\/v2\/pages"}],"about":[{"href":"https:\/\/www.ercanertan.com\/index.php\/wp-json\/wp\/v2\/types\/page"}],"author":[{"embeddable":true,"href":"https:\/\/www.ercanertan.com\/index.php\/wp-json\/wp\/v2\/users\/1"}],"replies":[{"embeddable":true,"href":"https:\/\/www.ercanertan.com\/index.php\/wp-json\/wp\/v2\/comments?post=6"}],"version-history":[{"count":17,"href":"https:\/\/www.ercanertan.com\/index.php\/wp-json\/wp\/v2\/pages\/6\/revisions"}],"predecessor-version":[{"id":226,"href":"https:\/\/www.ercanertan.com\/index.php\/wp-json\/wp\/v2\/pages\/6\/revisions\/226"}],"wp:attachment":[{"href":"https:\/\/www.ercanertan.com\/index.php\/wp-json\/wp\/v2\/media?parent=6"}],"curies":[{"name":"wp","href":"https:\/\/api.w.org\/{rel}","templated":true}]}}

<p>              2 Şubat Kırklareli doğumlu olmasına rağmen memleketi Çanakkale&#8217;nin Yenice ilçesidir. İlkokul yıllarında sırasıyla Bergama Ulubatlı Hasan İlköğretim okulu ve Yenice Yeşilyurt İlköğretim okullarında eğitim görmüştür. Daha sonra orta öğretimini Çan Şehir Engin Eker, lise eğitimini Çan H. İbrahim Bodur Anadolu Lisesinde tamamlamıştır. </p>



<p>Ercan Ertan, Yeditepe Üniversitesi Güzel Sanatlar Fakültesi Tiyatro bölümü mezunudur. Tiyatro bölümünü birincilikle ve yüksek onur derecesiyle bitirmiştir. Hemen ardından Yeditepe Üniversitesi Sosyal Bilimler Enstitüsü Sanat ve Kültür Yönetimi Anabilim dalında başarı bursuyla *tezli yüksek lisans çalışmalarını tamamlamıştır.<br><a href="https://www.ercanertan.com/wp-content/uploads/2025/06/Arts-Management-in-Institutional-Theatres-in-Turkey-in-the-Context-of-the-Professionalization-of-Art-Istanbul-Metropolitan-Municipality-City-Theaters.pdf">*Sanatın Profesyonelleşmesi Bağlamında Türkiye&#8217;de Kurum Tiyatrolarında Sanat Yönetimi; İBB Şehir Tiyatroları&#8221; </a></p>



<p>Televizyon dizilerinde; Diriliş Ertuğrul&#8217;da Torumtay, Payitaht Abdülhamit&#8217;te John Kartov, Mavera&#8217;da Ziya, Çukur&#8217;da Faruk, Arka Sokaklar&#8217;da Ferhat Mazı, Aile&#8217;de Saffet, Vefa Sultan&#8217;da Osman/Oswald ve  Mehmed: Fetihler Sultanı&#8217;nda Jacome Koko karakterlerine aynı zamanda da sinemada; Atilla filminde Valentinianus&#8217;a, Sonsuz Aşk&#8217;ta Dr. Kerim&#8217;e ve Savaşın Efsaneleri&#8217;nde Büyük İskender&#8217;e hayat vermiştir. </p>



<p>2012 yılından bu yana profesyonel olarak tiyatro sahnelerine çıkan oyuncu, sırasıyla İstanbul Temaşa Tiyatrosu, İstanbul Kumpanyası, Menfi Tiyatro, Cihangir Tatavla Tiyatro, Perdesiz Sahne, Glow Medya, Diyonysos Tiyatro, Oji Tiyatro, Ankara Birlik Tiyatrosu ve DasDas ile çalışmıştır. Halen daha Dionysos Tiyatro tarafından sahnelenen Fareler ve İnsanlar oyununun 6. Sezonunda Slim karakterine ve DasDas&#8217;da Override oyununda Mark karakterine hayat vermektedir.</p>



<p>Oynadığı oyunlardan Oyun Karıştı / VI. Ekin Yazın Tiyatro Ödülleri &#8220;Yılın Komedisi&#8221; Ödülü, HU / IX. Uluslarası Yeni Tiyatro Dergisi Ödülleri Yılın &#8220;En İyi Tiyatro Ekibi&#8221; Ödülü ve &nbsp;HU / XXII. Direklerarası Ödülleri &#8220;En İyi Özgün Oyun&#8221; Ödülü, Fareler ve İnsanlar &nbsp;/ VIII. Ekin Yazın Tiyatro Ödülleri Yılın &#8220;Sahne Tasarımı&#8221; Ödülü ve X. Uluslarası Yeni Tiyatro Dergisi Ödülleri Yılın &#8220;Tiyatro Ekibi&#8221; Ödülü sahibidir. <br></p>



<p>Ercan Ertan, eğitmen olarak; Sanat Akademi’de oyunculuk, diksiyon, seslendirme ve konservatuvara hazırlık dersleri vermektedir.</p>



<p>             Maltepe Üniversitesi Hukuk Fakültesi Ticaret Hukuku Anabilim Dalı Başkanı Hukukçu Dr. Öğretim Üyesi Betül Aktaş Ertan ile evlidir ve bir çocuk babasıdır. </p>

<p>2 Şubat Kırklareli doğumlu olmasına rağmen memleketi Çanakkale&#8217;nin Yenice ilçesidir. İlkokul yıllarında sırasıyla Bergama Ulubatlı Hasan İlköğretim okulu ve Yenice Yeşilyurt İlköğretim&hellip;</p>
<p> <a class="more-link" href="https://www.ercanertan.com/index.php/hakkinda/">Daha fazla oku</a></p>
